
False
Is 141137 a prime number?
False
Is 937877 prime?
True
Is 4045 a composite number?
True
Is 7477 prime?
True
Is 1050639 composite?
True
Is 118487 prime?
False
Is 22805 a composite number?
True
Is 150979 a prime number?
True
Is 75963 a prime number?
False
Is 3587 a prime number?
False
Is 6229 a prime number?
True
Is 1141405 prime?
False
Is 479533 composite?
False
Is 816157 prime?
True
Is 22405 a composite number?
True
Is 302599 prime?
False
Is 443 prime?
True
Is 14302 a composite number?
True
Is 9791 prime?
True
Is 59111 a prime number?
False
Is 504247 a prime number?
True
Is 294521 a composite number?
True
Is 22249 a composite number?
True
Is 139507 composite?
True
Is 213419 prime?
False
Is 787 composite?
False
Is 44683 composite?
False
Is 165983 a prime number?
True
Is 122557 prime?
True
Is 88337 a composite number?
False
Is 11957 a composite number?
True
Is 138773 prime?
False
Is 40091 prime?
False
Is 39441 composite?
True
Is 7162 prime?
False
Is 123949 a composite number?
True
Is 161453 a composite number?
False
Is 361723 prime?
True
Is 29527 prime?
True
Is 414289 composite?
True
Is 15659 prime?
False
Is 86453 a prime number?
True
Is 157891 a prime number?
False
Is 43117 prime?
True
Is 11113 a composite number?
False
Is 25291 prime?
False
Is 19531 a prime number?
True
Is 152239 a composite number?
False
Is 436558 prime?
False
Is 30655 composite?
True
Is 10687 composite?
False
Is 26293 composite?
False
Is 7607 composite?
False
Is 91079 a composite number?
False
Is 156137 composite?
True
Is 539321 prime?
True
Is 281481 a composite number?
True
Is 258803 composite?
False
Is 25339 a composite number?
False
Is 2771 a composite number?
True
Is 237619 a prime number?
True
Is 172243 a composite number?
False
Is 235453 a composite number?
True
Is 5141 a composite number?
True
Is 2819 composite?
False
Is 80299 a composite number?
True
Is 22105 composite?
True
Is 146659 prime?
False
Is 194459 composite?
True
Is 279511 prime?
True
Is 30374 a composite number?
True
Is 10541 a composite number?
True
Is 11659 a prime number?
False
Is 8999 prime?
True
Is 44071 a composite number?
False
Is 677767 a composite number?
False
Is 1204309 composite?
False
Is 2 prime?
True
Is 123 prime?
False
Is 9613 prime?
True
Is 187147 a prime number?
False
Is 459593 a prime number?
True
Is 15499 prime?
False
Is 516991 composite?
False
Is 4073 a composite number?
False
Is 48999 a prime number?
False
Is 50734 prime?
False
Is 90631 a composite number?
False
Is 614273 prime?
False
Is 427537 a composite number?
True
Is 265807 prime?
True
Is 3247 prime?
False
Is 2377013 prime?
False
Is 2885 a composite number?
True
Is 698329 a prime number?
True
Is 1599637 a composite number?
True
Is 1057 composite?
True
Is 480709 prime?
False
Is 164413 a prime number?
True
Is 1147863 a composite number?
True
Is 51659 composite?
False
Is 3101819 a prime number?
False
Is 2603 a prime number?
False
Is 63146 a composite number?
True
Is 182485 a prime number?
False
Is 202885 prime?
False
Is 1388719 composite?
False
Is 87137 prime?
False
Is 2863 prime?
False
Is 652227 prime?
False
Is 201463 prime?
False
Is 3833 composite?
False
Is 97437 a prime number?
False
Is 671681 a composite number?
False
Is 172219 a composite number?
False
Is 2145677 prime?
True
Is 11183 a composite number?
True
Is 168613 prime?
False
Is 44995 composite?
True
Is 2483 prime?
False
Is 767 composite?
True
Is 1338959 a prime number?
False
Is 173449 a prime number?
False
Is 2879527 composite?
True
Is 4109 a prime number?
False
Is 735959 a prime number?
False
Is 5609 composite?
True
Is 28321 composite?
True
Is 99959 composite?
True
Is 743 prime?
True
Is 7433 a prime number?
True
Is 8899 composite?
True
Is 6931 composite?
True
Is 92121 a composite number?
True
Is 181693 composite?
False
Is 52147 composite?
False
Is 1483621 composite?
False
Is 42649 a prime number?
True
Is 3317 prime?
False
Is 28901 prime?
True
Is 701111 prime?
False
Is 2179 a prime number?
True
Is 427913 a prime number?
True
Is 1011889 a prime number?
True
Is 152603 a prime number?
False
Is 12319 a prime number?
False
Is 198547 a composite number?
True
Is 65981 a composite number?
False
Is 1008257 a prime number?
True
Is 146009 composite?
False
Is 12499 composite?
True
Is 479 prime?
True
Is 6247 composite?
False
Is 489511 a composite number?
True
Is 185651 a prime number?
True
Is 2053 composite?
False
Is 336917 a prime number?
False
Is 33646 a composite number?
True
Is 493783 composite?
True
Is 43863 a prime number?
False
Is 170619 a composite number?
True
Is 36503 prime?
False
Is 5051 a prime number?
True
Is 3199 a composite number?
True
Is 82129 a prime number?
True
Is 64097 a prime number?
False
Is 186601 prime?
True
Is 7297 a composite number?
False
Is 16249 a composite number?
False
Is 20901 composite?
True
Is 186431 a composite number?
True
Is 9957 a composite number?
True
Is 86755 a prime number?
False
Is 11113 composite?
False
Is 43087 prime?
False
Is 340007 a composite number?
False
Is 53458 composite?
True
Is 26615 a prime number?
False
Is 331 prime?
True
Is 338359 composite?
True
Is 3659 composite?
False
Is 388421 composite?
True
Is 51173 a prime number?
False
Is 5981 composite?
False
Is 181061 a prime number?
True
Is 166013 a composite number?
False
Is 46723 a prime number?
True
Is 94495 prime?
False
Is 289811 composite?
True
Is 215417 a prime number?
True
Is 36293 a composite number?
False
Is 4645 composite?
True
Is 14866 a prime number?
False
Is 1543 a prime number?
True
Is 13963 prime?
True
Is 2929 prime?
False
Is 661883 a composite number?
False
Is 1523 a composite number?
False
Is 17326 composite?
True
Is 67601 a prime number?
True
Is 78137 a composite number?
False
Is 15937 a prime number?
True
Is 3761 prime?
True
Is 49391 a prime number?
True
Is 1535509 a composite number?
True
Is 1537 a composite number?
True
Is 1543 prime?
True
Is 34901 a composite number?
True
Is 407897 prime?
False
Is 131669 a prime number?
False
Is 1733 prime?
True
Is 14699 prime?
True
Is 510529 composite?
False
Is 7829 composite?
False
Is 1987 a prime number?
True
Is 2187697 a composite number?
False
Is 72307 composite?
False
Is 121169 composite?
False
Is 25621 composite?
False
Is 10993 a prime number?
True
Is 125842 a composite number?
True
Is 825467 a prime number?
True
Is 7807 a prime number?
False
Is 56395 prime?
False
Is 1671707 composite?
False
Is 84221 a prime number?
True
Is 15227 a composite number?
False
Is 669 a prime number?
False
Is 134935 a prime number?
False
Is 2439139 prime?
False
Is 14207 prime?
True
Is 54361 a prime number?
True
Is 19105 prime?
False
Is 11087 prime?
True
Is 154357 prime?
False
Is 78779 a composite number?
False
Is 44007 prime?
False
Is 1499669 a prime number?
False
Is 487 a composite number?
False
Is 2513 a prime number?
False
Is 34897 a prime number?
True
Is 64871 a composite number?
False
Is 16143 prime?
False
Is 35687 a composite number?
True
Is 36509 prime?
False
Is 512103 a prime number?
False
Is 18637 a prime number?
True
Is 71899 a composite number?
False
Is 2435 a composite number?
True
Is 3314 a composite number?
True
Is 5747 a composite number?
True
Is 127529 composite?
False
Is 2207131 a composite number?
True
Is 79685 composite?
True
Is 59191 a prime number?
False
Is 18485 a composite number?
True
Is 1042 a prime number?
False
Is 291677 composite?
False
Is 21355 a prime number?
False
Is 20681 prime?
True
Is 10007 prime?
True
Is 75661 a prime number?
False
Is 23983 composite?
True
Is 16174 a prime number?
False
Is 269935 composite?
True
Is 68333 a composite number?
True
Is 492281 composite?
False
Is 1346 a prime number?
False
Is 102523 composite?
False
Is 929 a composite number?
False
Is 58669 a composite number?
True
Is 50383 a composite number?
False
Is 36026 composite?
True
Is 8285 a composite number?
True
Is 223207 prime?
True
Is 467587 a prime number?
True
Is 23367 a composite number?
True
Is 25274 prime?
False
Is 10681 a composite number?
True
Is 4421447 a prime number?
True
Is 478457 prime?
False
Is 24809 composite?
False
Is 324914 a composite number?
True
Is 187 a composite number?
True
Is 3801839 composite?
False
Is 191005 composite?
True
Is 15401 prime?
True
Is 3881 a composite number?
False
Is 278471 a composite n